-18)*6)?
5
Let y = -522 - -527. Suppose -5*b = -5*u - 109 - 61, 0 = 3*b - y*u - 106. Calculate the remainder when 124 is divided by b.
28
Calculate the remainder when 902/3*(4 + -14 + 91/7) is divided by 61.
48
Suppose -27*k = -214 - 434. Suppose 2*d + 188 = -0*h + 2*h, -h + 3*d + 98 = 0. Calculate the remainder when h is divided by k.
20
Suppose -19 + 288 = 5*j + 4*g, -5*g - 48 = -j. What is the remainder when j is divided by 14?
11
Let h be ((-9)/6)/((-33)/1364). Suppose b - 63*j = -64*j + h, 4*b = j + 238. Calculate the remainder when 76 is divided by b.
16
Calculate the remainder when 1113501/1195 - ((-4)/(-5) - 0/3) is divided by 135.
121
Let d = -12833 - -12895. Calculate the remainder when 848 is divided by d.
42
Let m = 4589 - 3827. Calculate the remainder when m is divided by 191.
189
Let i = -1155 + 1176. Let c(n) = 18*n + 12. Let f be c(9). What is the remainder when (2/(-2))/((-3)/f) is divided by i?
16
Suppose 168 = -p - 3*p. Let b = p + 47. Suppose -3*a = -28 - b. Calculate the remainder when 76 is divided by a.
10
Suppose 9422 = 4*r + u, 2*r - 69*u + 70*u - 4714 = 0. What is the remainder when r is divided by 40?
34
Let b be 16*-4*(0 - -1 - 0). Let y = -36 - b. Let w = y + -17. What is the remainder when 32 is divided by w?
10
Let b(a) = a**2 - 2*a - 10. Let y be ((-2)/4)/(20/(-40)). What is the remainder when b(9) is divided by (34*(-4)/4)/(-2) + y?
17
Suppose -125*z - 402 = -3*x - 121*z, 0 = 3*z - 9. What is the remainder when x is divided by 30?
18
Suppose 10 = -3*q + 28. Let k be (-1 - -48)*(q + -5). Suppose 4*n = k - 7. What is the remainder when 18 is divided by n?
8
Let x be (-7)/(-3) - (8/(-12) - 0). Suppose -x*a + i + 47 = -69, -2*i + 8 = 0. Calculate the remainder when 151 is divided by a.
31
Suppose -4*a + 13 = 2*h - 3*a, -5*h - 4*a + 31 = 0. Suppose 0 = 3*v - 2*v - h. Suppose 41 + v = 6*p. What is the remainder when 23 is divided by p?
7
Let r = 7853 + -7844. What is the remainder when 330 is divided by r?
6
Calculate the remainder when 81 is divided by 1/((-10*3/168)/(65/(-26))).
11
Let h = -766 + 1090. Suppose 67*s = 49*s + h. Calculate the remainder when 71 is divided by s.
17
Let m be -14*(-8)/3 - 31/93. Suppose -2378 = -4*a - m*a. What is the remainder when 106 is divided by a?
48
Suppose -f = 3*y - 2486, 1309 = f - 2*y - 1162. Let p = f - 1319. Calculate the remainder when p is divided by 10.
8
Let f = -39 + 83. Suppose p - 5*i - 25 = 0, 4*i + 2 + 62 = 3*p. What is the remainder when 3018/22 - 8/f is divided by p?
17
Let k(c) = -233*c + 309. What is the remainder when k(-5) is divided by 19?
11
Let b(x) = x**3 - 16*x**2 + 13*x + 21. Let d be b(15). Let m be (63/d + 8)/((-1)/(-16)). Calculate the remainder when 137 is divided by -2 + m/7 - 795/(-35).
22
Suppose 0 = -2*g - 4*j - 9 + 1, -5*g + 25 = -5*j. Suppose -5*q = r - 1056, 5*r - 294 = -g*q + 110. Calculate the remainder when q is divided by 43.
40
Let v = 28 + 7. Let z = -34 + 38. Suppose f = k + 19 - 5, z*f = k + 68. Calculate the remainder when v is divided by f.
17
Suppose -2*j - 36 + 330 = 0. Let f(p) = -15*p**2 + 39613 + 61*p - 35*p - p**3 + 72*p - 39628. What is the remainder when j is divided by f(-20)?
22
Let b be (-2)/(10/(-1035)) + 4. Let r = -210 + b. What is the remainder when r is divided by (-3)/(-1) - (0 + 2)?
0
Calculate the remainder when 1942 is divided by 194/8 + (1/10)/((-2)/5).
22
Let m(h) = -h**3 - 108*h**2 - 987*h - 312. What is the remainder when m(-98) is divided by 34?
0
Suppose 3*o - 54 - 387 = 0. Suppose 3*j + 15 + o = 0. Let s = 75 + j. Calculate the remainder when 39 is divided by s.
18
What is the remainder when 130 is divided by -2*1*(-6)/(-3)*(-266)/28?
16
Suppose q - 2*a - 3411 = 0, 3*q + 5*a - 5832 - 4445 = 0. Calculate the remainder when q is divided by 76.
75
Let b(q) = -2*q + 37. Let o = 92 - 77. Let z be b(o). Suppose 3*g = 130 - z. Calculate the remainder when 121 is divided by g.
39
Suppose 18 = 3*k - 21*k. Let y = -8 + 14. Calculate the remainder when (1/7*7)/(k/(-17)) is divided by y.
5
Let x = 187 - 196. Suppose -51 = -4*c - 5*h, -5*c + 0*h + 30 = -5*h. What is the remainder when x/45 - (242/(-10) - 1) is divided by c?
7
Let m = -253 - -327. Let t = 97 - m. Calculate the remainder when t is divided by (18/8)/(3/8).
5
Let j(q) = -q**2 - 7*q - 5. Let r be j(-6). Calculate the remainder when 113/(-4*r/(-12)) is divided by 31.
29
Let g = -150 + 128. Let w be ((-3)/(-6))/(-1) - g/4. Suppose -d + x = -69 - 2, 2*x = w*d - 352. What is the remainder when d is divided by 24?
22
Suppose -7*v = -4*v - 6. Suppose -r - 40 = -5*t + 4*r, -r = v*t - 1. What is the remainder when 58/t*1*(-3)/(-2) is divided by 6?
5
What is the remainder when 374/(-51)*363/(-22) is divided by 29?
5
Suppose 5*z + 4*v + 18 = 147, v + 24 = z. Let u(y) = -14*y + 415. Calculate the remainder when u(12) is divided by z.
22
Let c be (2/3)/(2/18). Let z = c + 6. Suppose t + 0 = 2*a + 8, 8*t - 353 = -a. Calculate the remainder when t is divided by z.
6
Suppose 40*s - 36*s + 128 = 0. Let h = s - -107. Suppose -4*n + n = 4*l - 64, 5*l + 5*n = h. Calculate the remainder when 111 is divided by l.
16
Suppose 3*h + 6587 = 5*t + 18344, -2*h + 7834 = -2*t. Calculate the remainder when h is divided by 45.
44
Let n = -578 + 586. What is the remainder when (-68)/(-3) - (-11)/33 is divided by n?
7
Suppose -7230 = 2*n - 8*n. Suppose 11*b + 5 = -n. Let o = -42 - b. What is the remainder when o is divided by 14?
12
Let w(l) = 3*l**3 - l**2 - 82*l + 170. Calculate the remainder when 6445 is divided by w(2).
23
Let v = -3580 - -3608. What is the remainder when 735 is divided by v?
7
Suppose -4*n + 27 = c, -c - 2*c = n - 15. Let v = -155 - 637. What is the remainder when (v/(-330))/(4/35) is divided by n?
3
Let f = -136 + 120. Let w be (-9)/(-12) + 204/f. What is the remainder when (141/w + -4)*-4 is divided by 22?
19
Let o be (-19)/(-4) - (-238)/(-136). Let c = -73 + 104. Suppose 0 = 2*q - o*h - 22, h - 2 - c = -3*q. Calculate the remainder when 63 is divided by q.
8
Let n(g) = 44*g. Let w = -32425 - -32440. Calculate the remainder when n(3) is divided by w.
12
Suppose -90*c = -166*c + 608. What is the remainder when 205 is divided by c?
5
Let g = 53 + -28. Let t(f) = 3*f**2. Let n be t(1). Suppose 4*m = 2*q - 82, -q + n*q + 3*m - 110 = 0. Calculate the remainder when q is divided by g.
24
Let c(i) = i**2 - 5*i + 4. Let a be c(2). Let n be a/(2 - (-290)/(-144)). Suppose -f + 7*f = n. Calculate the remainder when 70 is divided by f.
22
Let r(s) = -26*s - 24. Let a be ((-5)/2)/(1/(-2) + 1). What is the remainder when r(a) is divided by 36?
34
Let r = -435 + 730. Let w = r - 272. Calculate the remainder when 206 is divided by w.
22
Suppose 0 = -115*t - 57472 + 239287. Calculate the remainder when t is divided by 167.
78
Let r(s) = s**3 - 3*s**2 - 71*s + 4152. Calculate the remainder when r(0) is divided by 296.
8
Let d be (-5)/(-1) - (5 + -59). Let o = d - -19. Calculate the remainder when 935 is divided by o.
77
Let z be 33/33 - (-1 + 96 + -1). Let c = z - -98. Suppose d - 5*h = 4*d - 44, c*h = 5. Calculate the remainder when 50 is divided by d.
11
Suppose 164*h = 180*h - 4512. Calculate the remainder when 575 is divided by h.
11
What is the remainder when 8/(-14*(-17)/2618) is divided by 85?
3
Let t(z) = -z**2 - 294*z - 4929. Let x = 326 - 210. What is the remainder when x is divided by t(-18)?
38
Suppose 12*m = 1791 + 237. Let b = 194 - m. Calculate the remainder when 90 is divided by b.
15
Suppose 2*h = -18, -r = -9*h - 11*h + 16*h - 130. Suppose 0 = -4*q - 4 + 48. What is the remainder when r is divided by q?
6
Let j(r) = 100*r - 497. What is the remainder when j(7) is divided by 168?
35
Let d = -2956 - -3157. What is the remainder when 623 is divided by d?
20
Let b = -4 + 64. Suppose 3*l = -12, 0 = -5*d - 2*l - 0*l + 57. Calculate the remainder when b is divided by d.
8
Suppose 38*l + 3736 = 89*l - 15848. Calculate the remainder when 1546 is divided by l.
10
Let h(m) = -39*m**3 - m**2 - 4*m - 2. Calculate the remainder when 3232 is divided by h(-1).
32
Let l(j) = -j**3 + 17*j**2 - 33*j + 26. Let h be l(13). Suppose 168 = -269*r + h*r. What is the remainder when 123 is divided by r?
39
Let q(c) be the third derivative of c**6/120 - 17*c**5/60 + 2*c**4/3 + 17*c**3/6 - 